{"id":48,"date":"2023-10-08T10:07:26","date_gmt":"2023-10-08T08:07:26","guid":{"rendered":"https:\/\/hhab-technik.de\/?page_id=48"},"modified":"2023-11-11T20:18:22","modified_gmt":"2023-11-11T19:18:22","slug":"waermepumpe","status":"publish","type":"page","link":"https:\/\/hhab-technik.de\/?page_id=48","title":{"rendered":"W\u00e4rmepumpe"},"content":{"rendered":"\n<h1 class=\"wp-block-heading\">Erfahrungsbericht: 23 Jahre heizen mit einer W\u00e4rmepumpe<\/h1>\n\n\n\n<p>Mit diesem Bericht m\u00f6chte ich Ihnen unsere Erfahrungen mit dem Betrieb einer W\u00e4rmepumpe mitteilen.<\/p>\n\n\n\n<p>Das wichtigste bei dem Einbau einer W\u00e4rmepumpe ist eine gr\u00fcndliche Planung. Die besteht aus der Bestimmung des Energiebedarfs ihres Hauses und der richtigen Auswahl der W\u00e4rmepumpenart und W\u00e4rmepumpengr\u00f6\u00dfe.<\/p>\n\n\n\n<p>Gerade bei dem zweiten Teil kann man viele Fehler machen die sehr teuer werden. Wir haben bei uns mittlerweile zweimal die W\u00e4rmepumpe ausgetauscht und zwar:<\/p>\n\n\n\n<ol type=\"1\">\n<li>Die erste W\u00e4rmepumpe funktionierte so, dass sie die Luft aus dem Haus \u00fcber die W\u00e4rmepumpe absaugte und aus ihr die ben\u00f6tigte Energie f\u00fcr die Heizung und das Warmwasser erzeugte und weil gleichzeitig, durch L\u00f6cher in den Au\u00dfenw\u00e4nden kalte Luft in das Haus geleitet wurde eine automatische Bel\u00fcftung des Hauses erreicht. Da diese W\u00e4rmepumpe nur eine Leistung von 1,7 kW hatte, f\u00fchrte das dazu, dass das Haus sehr oft haupts\u00e4chlich mit den eingebauten Heizstab geheizt wurde<br>Diese L\u00f6sung war f\u00fchrte zu einen sehr hohen Energieverbrauch. Deshalb tauschten wir diese W\u00e4rmepumpe aus.<\/li>\n\n\n\n<li><img loading=\"lazy\" decoding=\"async\" width=\"151\" height=\"103\" src=\"\" alt=\"Leistungszahl (COP) \u2013 W\u00e4rmepumpen Wiki\">Und bauten eine Luft\/Wasser-W\u00e4rmepumpe ein die die Energie aus der Au\u00dfenluft gewinnt. Nach zwei Jahren mussten wir dann aber feststellen das auch deren Energieverbrauchtswerte sehr hoch waren. Der Grund daf\u00fcr lag daran, dass die W\u00e4rmepumpe auch schon bei Temperaturen knapp unter 0\u00b0C nicht optimal lief, also der COP der Pumpe bei -2\u00b0C deutlich unter 2 lag.<br>Was genau ist der COP einer W\u00e4rmepumpe? <strong>\u00c4hnlich wie die Jahresarbeitszahl (JAZ) setzt auch der COP einer W\u00e4rmepumpe die erzeugte W\u00e4rmeenergie ins Verh\u00e4ltnis zum daf\u00fcr ben\u00f6tigten Strom<\/strong>. Der COP bezieht sich als Leistungszahl immer auf einen bestimmten Betriebszustand.<br>Der Verbrauch lag bei:<\/li>\n<\/ol>\n\n\n\n<figure class=\"wp-block-table\"><table><tbody><tr><td>31,7755178<\/td><td>kWh\/a\/m\u00b2<\/td><\/tr><\/tbody><\/table><\/figure>\n\n\n\n<p>&nbsp;Wir hatten also einen Stromverbrauch von 31,7 kWh x 160 m\u00b2 = 5.084 kWh im Jahr. Das war nach<\/p>\n\n\n\n<ul>\n<li>Unserer Meinung war das noch immer zu hoch. Also tauschten wir das vorhandene Au\u00dfenger\u00e4t gegen ein leistungsf\u00e4higeres aus, das auch bei Temperaturen von -5\u00b0C noch einen COP von ca. 3 hat. Dadurch verringerte sich der Stromverbrauch auf 4.308 kWh im Jahr, also um ca. 15% Jahr.<\/li>\n<\/ul>\n\n\n\n<p>Heizungsvergleich<\/p>\n","protected":false},"excerpt":{"rendered":"<p>Erfahrungsbericht: 23 Jahre heizen mit einer W\u00e4rmepumpe Mit diesem Bericht m\u00f6chte ich Ihnen unsere Erfahrungen mit dem Betrieb einer W\u00e4rmepumpe mitteilen. Das wichtigste bei dem Einbau einer W\u00e4rmepumpe ist eine gr\u00fcndliche Planung. Die besteht aus der Bestimmung des Energiebedarfs ihres Hauses und der richtigen Auswahl der W\u00e4rmepumpenart und W\u00e4rmepumpengr\u00f6\u00dfe. Gerade bei dem zweiten Teil kann &#8230; <a title=\"W\u00e4rmepumpe\" class=\"read-more\" href=\"https:\/\/hhab-technik.de\/?page_id=48\" aria-label=\"Mehr dazu unter W\u00e4rmepumpe\">Weiterlesen<\/a><\/p>\n","protected":false},"author":1,"featured_media":0,"parent":0,"menu_order":0,"comment_status":"closed","ping_status":"closed","template":"","meta":{"footnotes":""},"_links":{"self":[{"href":"https:\/\/hhab-technik.de\/index.php?rest_route=\/wp\/v2\/pages\/48"}],"collection":[{"href":"https:\/\/hhab-technik.de\/index.php?rest_route=\/wp\/v2\/pages"}],"about":[{"href":"https:\/\/hhab-technik.de\/index.php?rest_route=\/wp\/v2\/types\/page"}],"author":[{"embeddable":true,"href":"https:\/\/hhab-technik.de\/index.php?rest_route=\/wp\/v2\/users\/1"}],"replies":[{"embeddable":true,"href":"https:\/\/hhab-technik.de\/index.php?rest_route=%2Fwp%2Fv2%2Fcomments&post=48"}],"version-history":[{"count":2,"href":"https:\/\/hhab-technik.de\/index.php?rest_route=\/wp\/v2\/pages\/48\/revisions"}],"predecessor-version":[{"id":441,"href":"https:\/\/hhab-technik.de\/index.php?rest_route=\/wp\/v2\/pages\/48\/revisions\/441"}],"wp:attachment":[{"href":"https:\/\/hhab-technik.de\/index.php?rest_route=%2Fwp%2Fv2%2Fmedia&parent=48"}],"curies":[{"name":"wp","href":"https:\/\/api.w.org\/{rel}","templated":true}]}}