{"id":129,"date":"2023-10-11T18:52:19","date_gmt":"2023-10-11T16:52:19","guid":{"rendered":"https:\/\/hhab-technik.de\/?page_id=129"},"modified":"2025-08-20T09:59:44","modified_gmt":"2025-08-20T07:59:44","slug":"hhab-motor","status":"publish","type":"page","link":"https:\/\/hhab-technik.de\/?page_id=129","title":{"rendered":"HHAB-Motor"},"content":{"rendered":"\n<h1 class=\"wp-block-heading\" id=\"imPgTitle\">Kurzbeschreibung HHAB-Motor<\/h1>\n\n\n\n<p><strong>Kurzbeschreibung Wasserstoff-Hybrid-Verbrennungsmotor<\/strong><\/p>\n\n\n\n<p>Ist ein Verbrennungsmotor in Freikolbenbauweise mit einem Doppelkolben und darin integrierten Auslassventilen. F\u00fcr diesen Motortyp wurde mir das Patent 10 2017 102 071 erteilt.<\/p>\n\n\n\n<p><a href=\"https:\/\/hhab-motor.de\/files\/HHAB-Motor_Mobil_nzavrtsw.mp4\">Simulationsablauf<\/a><\/p>\n\n\n\n<figure class=\"wp-block-image\"><a href=\"https:\/\/hhab-motor.de\/files\/HHAB-Motor_Mobil.mp4\"><img decoding=\"async\" src=\"https:\/\/hhab-motor.de\/images\/HHAB-Motor_li6gevjn.jpg\" alt=\"\" title=\"\"\/><\/a><\/figure>\n\n\n\n<p>Ein HHAB-Motor Einheit besteht aus min. zwei HHAB-Motoren und zwei Lineargeneratoren, die miteinander synch<\/p>\n\n\n\n<figure class=\"wp-block-image\"><img decoding=\"async\" src=\"https:\/\/hhab-motor.de\/images\/HHAB-Motor-2fach-Lang_neu_dv3nj6hm.jpg\" alt=\"\" title=\"\"\/><\/figure>\n\n\n\n<p>Ma\u00dfe: LXBXT ca. (1800x140x140) mm; Gewicht ca. 15 kg; &nbsp;entspricht einem 8 Zylinder 4 Taktmotor mit 3.600 ccm<\/p>\n\n\n\n<p>Durch die Aufnahme der kinetischen Energie erzeugen die Lineargeneratoren die gew\u00fcnschte elektrische Energie. Gleichzeitig adjustieren sie die kinetische Energie des Kolbens ab und zwar mit der proportional gleichen Gr\u00f6\u00dfe, wie die erzeugte Energie. Also wenn der HHAB-Motor 15 kW Leistung abgeben muss, wird der Kolben mit 15 KW abgebremst.<\/p>\n\n\n\n<p>Durch die lineare Anordnung der HHAB-Motoren und der direkten Kopplung der Lineargeneratoren entstehen keine graduellen Verluste bei der Kraft\u00fcbertragung, wie bei den \u00fcblichen Verbrennungsmotoren durch die Umwandlung in eine Drehbewegung.<\/p>\n\n\n\n<p>Auch wird bei dem HHAB-Motor bei jeder Kolbenbewegung Energie erzeugt, also pro Kolbenzyklus zweimal. Das hei\u00dft ein HHAB-Motor entspricht einem 4 Zylinder Viertaktmotor. Da man bei der HHAB-Motoreinheit, um Vibrationen zu vermeiden, min. 2 HHAB-Motoren ben\u00f6tigt, entspricht diese einem 8 Zylinder Viertaktmotor.<\/p>\n\n\n\n<p>Wenn eine individuelle Leistungsanpassung ben\u00f6tigt werden sollte, kann man den HHAB-Motor takten. Das hei\u00dft man kann, gesteuert, den Motor anhalten und wieder starten, auch f\u00fcr einzelne Motorzyklen und so eine Leistungsabgabe zwischen 0% und 100% erreichen und das, ohne eine schwere Pufferbatterie und aufwendigen Steuerungsaufwand.<\/p>\n\n\n\n<p>Optional kann ein kleiner Energiezwischenspeicher, der die erzeugte Energie der Lineargeneratoren zwischenspeichert, integriert werden, der dann lastabh\u00e4ngig die passende Antriebsenergie zur Verf\u00fcgung stellt.<\/p>\n\n\n\n<p>Beschreibung eines 4 Takt Motorzyklus<\/p>\n\n\n\n<p>Der Doppelkolben wird zwischen dem Zylinder (A) und Zylinder (B) hin und her bewegt und treibt dabei min. zwei Lineargeneratoren an. Beschreibung eines 4 Takt Zyklus:<\/p>\n\n\n\n<ol start=\"1\" style=\"list-style-type:1\">\n<li>Nachdem die Abgase vollst\u00e4ndig aus dem Zylinder (A) entwichen sind und die Kolbenbewegungsrichtung sich ge\u00e4ndert hat, weil im anderem Zylinder (B) durch die Kompression der Luft, des Wasserstoffs und Sauerstoffs der Druck h\u00f6her ist als im Zylinder (A), wird \u00fcber eine Z\u00fcndkerze das Gemisch im Zylinder (B) gez\u00fcndet und der Kolben voll beschleunigt. &nbsp;Das hat zur Folge:<\/li>\n\n\n\n<li>Das im Zylinder (A) die Auslassventile vollst\u00e4ndig geschlossen werden und die vorhandene Luft verdichtet wird. Zum passenden Moment wird die, f\u00fcr berechnete Abgabeleistung, passende Mengen Sauerstoff und Wasserstoff eingespritzt. &nbsp;&nbsp;Zwischen Sauerstoff und Wasserstoff muss dabei eine Lambdaeinstellung von 2-2,5 liegen, um die Abgastemperatur auf max. 450\u00b0C zu begrenzen.<\/li>\n\n\n\n<li>W\u00e4hrend der Zeit wird der Kolben durch die sich ausdehnenden Abgase im Zylinder (B) stark beschleunigt und mit der gewonnenen Energie die Lineargeneratoren angetrieben die dadurch eine Induktionsspannung erzeugen, die einen Strom durch den Elektromotor flie\u00dfen l\u00e4sst und so den Motor antreibt. Der erzeugte Strom erzeugt in der Spule des Lineargenerators ein Elektrisches Gegenfeld das den Kolben abbremst.<\/li>\n\n\n\n<li>Am Ende des Ausdehnungsprozesses des Kolbens im Zylinder (B) werden die Seiten gewechselt<\/li>\n<\/ol>\n\n\n\n<figure class=\"wp-block-image\"><img decoding=\"async\" src=\"https:\/\/hhab-motor.de\/images\/Motordiagramm_11mespx0.jpg\" alt=\"\" title=\"\"\/><\/figure>\n\n\n\n<p>Andere \u00e4hnliche Verbrennungsmotoren wie der Stelzer Motor<a href=\"https:\/\/de.wikipedia.org\/wiki\/Stelzer-Motor\"> https:\/\/de.wikipedia.org\/wiki\/Stelzer-Motor<\/a> oder &nbsp;der DLR Freikolbenmotor <a href=\"https:\/\/www.youtube.com\/watch?v=7HmxNazMJVI\/\">https:\/\/www.youtube.com\/watch?v=7HmxNazMJVI<\/a><\/p>\n\n\n\n<p>funktionieren \u00e4hnlich, sie erzeugen auch eine zyklische Kolbenbewegung.<\/p>\n\n\n\n<figure class=\"wp-block-image\"><img decoding=\"async\" src=\"https:\/\/hhab-motor.de\/images\/Stelzermotor.jpg\" alt=\"\" title=\"\"\/><\/figure>\n\n\n\n<figure class=\"wp-block-image\"><img decoding=\"async\" src=\"https:\/\/hhab-motor.de\/images\/DLR-Motor.jpg\" alt=\"\" title=\"\"\/><\/figure>\n\n\n\n<p>Der wesentliche Unterschied zum HHAB-Motor liegt aber darin, dass diese beiden Motoren ihre Abgase durch die Zylinderau\u00dfenh\u00fcllen aussto\u00dfen und dadurch die Kolbenschmierung unterbrochen wird<\/p>\n\n\n\n<p>(Verharzung durch zu gro\u00dfer Abgastemperatur) und so nicht f\u00fcr den Dauerbetrieb geeignet sind.<\/p>\n\n\n\n<p><strong>Wesentlichen Vorteile einer HHAB-Motoreinheit sind:<\/strong><\/p>\n\n\n\n<p>1. &nbsp;&nbsp;&nbsp;&nbsp;&nbsp;Sie besteht nur aus wenigen Teilen, ein HHAB-Motoren bestehend aus ca. 200 Teilen, das entspricht einem kompletten 4 Zylinder Viertaktmotor mit ca. 1400 Teilen.<\/p>\n\n\n\n<p>2. &nbsp;&nbsp;&nbsp;&nbsp;&nbsp;Er hat nur ein geringes Gewicht. Ein HHAB-Motor, ohne Lineargeneratoren, mit einer Leistung von ca. 60 KW wiegt ca. 7,5 kg, wobei die bewegte Masse des Motors (Kolben Ventil\u00f6ffnungssystem) ca. 1,8 kg wiegt.<\/p>\n\n\n\n<p>3. &nbsp;&nbsp;&nbsp;&nbsp;&nbsp;Es werden keine seltenen Materialien wie Lithium oder Kobalt ben\u00f6tigt.<\/p>\n\n\n\n<p>4. &nbsp;&nbsp;&nbsp;&nbsp;&nbsp;<a href=\"https:\/\/hhab-motor.de\/files\/Ventiloeffnungsvorgang_u579hxv6.mp4\">Das \u00d6ffnen und das Schlie\u00dfen der Auslassventile<\/a> erfolgt selbstst\u00e4ndig, automatisch und prozessgesteuert.<\/p>\n\n\n\n<p>5. &nbsp;&nbsp;&nbsp;&nbsp;&nbsp;Der Kolben wird st\u00e4ndig geschmiert, der Motor ist f\u00fcr den Dauerbetrieb geeignet<\/p>\n\n\n\n<p>6. &nbsp;&nbsp;&nbsp;&nbsp;&nbsp;Der Motor kann auch mit nicht hochreinen Wasserstoff aus der Industrie betrieben werden.<\/p>\n\n\n\n<p>7. &nbsp;&nbsp;&nbsp;&nbsp;&nbsp;Es entsteht beim Betrieb Abw\u00e4rme, so dass im Winter nicht zus\u00e4tzliche Energie ben\u00f6tigt wird.<\/p>\n\n\n\n<p>8. &nbsp;&nbsp;&nbsp;&nbsp;&nbsp;Er ist vibrationsarm.<\/p>\n\n\n\n<p>9. &nbsp;&nbsp;&nbsp;&nbsp;&nbsp;Die HHAB-Motoreinheit ist sehr kompakt, so dass sie sich in der Unterbodengruppe integrieren l\u00e4sst oder auch hochkant in den beiden C-S\u00e4ulen.<\/p>\n\n\n\n<p>10. &nbsp;&nbsp;Es entstehen keine graduellen Verluste bei der Umwandlung der geraden Kolbenbewegung in eine Drehbewegung<\/p>\n\n\n\n<p>11. &nbsp;&nbsp;Er l\u00e4uft immer mit den fast optimalen Parametern (bester Wirkungsgrad).<\/p>\n\n\n\n<p>12. &nbsp;&nbsp;Er ben\u00f6tigt keine Pufferbatterie.<\/p>\n\n\n\n<p>13. &nbsp;&nbsp;Es entstehen keine sch\u00e4dlichen Abgase.<\/p>\n\n\n\n<p>14. &nbsp;&nbsp;Er l\u00e4sst sich g\u00fcnstig fertigen.<\/p>\n\n\n\n<p>15. &nbsp;&nbsp;Es wird kein Getriebe ben\u00f6tigt.<\/p>\n\n\n\n<p><strong>F\u00fcr den Wasserstoffverbrennungsmotor HHAB-Motor wurde <\/strong><\/p>\n\n\n\n<p><strong>mir das Patent<\/strong> <strong>10 2017 102 071 erteilt.<\/strong><\/p>\n\n\n\n<p><strong>Er ist f\u00fcr den Betrieb mit Wasserstoff ausgelegt<\/strong><\/p>\n\n\n\n<p>Eine ausf\u00fchrliche Beschreibung finden Sie auf meiner WEB-Seite <a href=\"http:\/\/HHAB-Motor.de\">http:\/\/HHAB-Motor.de<\/a><\/p>\n","protected":false},"excerpt":{"rendered":"<p>Kurzbeschreibung HHAB-Motor Kurzbeschreibung Wasserstoff-Hybrid-Verbrennungsmotor Ist ein Verbrennungsmotor in Freikolbenbauweise mit einem Doppelkolben und darin integrierten Auslassventilen. F\u00fcr diesen Motortyp wurde mir das Patent 10 2017 102 071 erteilt. Simulationsablauf Ein HHAB-Motor Einheit besteht aus min. zwei HHAB-Motoren und zwei Lineargeneratoren, die miteinander synch Ma\u00dfe: LXBXT ca. (1800x140x140) mm; Gewicht ca. 15 kg; &nbsp;entspricht einem 8 &#8230; <a title=\"HHAB-Motor\" class=\"read-more\" href=\"https:\/\/hhab-technik.de\/?page_id=129\" aria-label=\"Mehr dazu unter HHAB-Motor\">Weiterlesen<\/a><\/p>\n","protected":false},"author":1,"featured_media":0,"parent":0,"menu_order":0,"comment_status":"closed","ping_status":"closed","template":"","meta":{"footnotes":""},"_links":{"self":[{"href":"https:\/\/hhab-technik.de\/index.php?rest_route=\/wp\/v2\/pages\/129"}],"collection":[{"href":"https:\/\/hhab-technik.de\/index.php?rest_route=\/wp\/v2\/pages"}],"about":[{"href":"https:\/\/hhab-technik.de\/index.php?rest_route=\/wp\/v2\/types\/page"}],"author":[{"embeddable":true,"href":"https:\/\/hhab-technik.de\/index.php?rest_route=\/wp\/v2\/users\/1"}],"replies":[{"embeddable":true,"href":"https:\/\/hhab-technik.de\/index.php?rest_route=%2Fwp%2Fv2%2Fcomments&post=129"}],"version-history":[{"count":6,"href":"https:\/\/hhab-technik.de\/index.php?rest_route=\/wp\/v2\/pages\/129\/revisions"}],"predecessor-version":[{"id":1070,"href":"https:\/\/hhab-technik.de\/index.php?rest_route=\/wp\/v2\/pages\/129\/revisions\/1070"}],"wp:attachment":[{"href":"https:\/\/hhab-technik.de\/index.php?rest_route=%2Fwp%2Fv2%2Fmedia&parent=129"}],"curies":[{"name":"wp","href":"https:\/\/api.w.org\/{rel}","templated":true}]}}